{"id":109,"date":"2021-11-11T19:36:10","date_gmt":"2021-11-11T18:36:10","guid":{"rendered":"https:\/\/eficum.fr\/?page_id=109"},"modified":"2022-01-19T12:49:05","modified_gmt":"2022-01-19T11:49:05","slug":"projet","status":"publish","type":"page","link":"https:\/\/eficum.fr\/index.php\/projet\/","title":{"rendered":"Une gestion de projet efficace !"},"content":{"rendered":"\t\t<div data-elementor-type=\"wp-page\" data-elementor-id=\"109\" class=\"elementor elementor-109\">\n\t\t\t\t\t\t\t\t\t<section class=\"elementor-section elementor-top-section elementor-element elementor-element-9a3359d elementor-section-boxed elementor-section-height-default elementor-section-height-default\" data-id=\"9a3359d\" data-element_type=\"section\">\n\t\t\t\t\t\t<div class=\"elementor-container elementor-column-gap-default\">\n\t\t\t\t\t<div class=\"elementor-column elementor-col-100 elementor-top-column elementor-element elementor-element-59e39cb\" data-id=\"59e39cb\" data-element_type=\"column\">\n\t\t\t<div class=\"elementor-widget-wrap elementor-element-populated\">\n\t\t\t\t\t\t\t\t<div class=\"elementor-element elementor-element-72fc676 elementor-widget elementor-widget-heading\" data-id=\"72fc676\" data-element_type=\"widget\" data-widget_type=\"heading.default\">\n\t\t\t\t<div class=\"elementor-widget-container\">\n\t\t\t<style>\/*! elementor - v3.17.0 - 01-11-2023 *\/\n.elementor-heading-title{padding:0;margin:0;line-height:1}.elementor-widget-heading .elementor-heading-title[class*=elementor-size-]>a{color:inherit;font-size:inherit;line-height:inherit}.elementor-widget-heading .elementor-heading-title.elementor-size-small{font-size:15px}.elementor-widget-heading .elementor-heading-title.elementor-size-medium{font-size:19px}.elementor-widget-heading .elementor-heading-title.elementor-size-large{font-size:29px}.elementor-widget-heading .elementor-heading-title.elementor-size-xl{font-size:39px}.elementor-widget-heading .elementor-heading-title.elementor-size-xxl{font-size:59px}<\/style><h3 class=\"elementor-heading-title elementor-size-default\">Vos attentes<\/h3>\t\t<\/div>\n\t\t\t\t<\/div>\n\t\t\t\t\t<\/div>\n\t\t<\/div>\n\t\t\t\t\t\t\t<\/div>\n\t\t<\/section>\n\t\t\t\t<section class=\"elementor-section elementor-top-section elementor-element elementor-element-57c9a442 elementor-section-boxed elementor-section-height-default elementor-section-height-default\" data-id=\"57c9a442\" data-element_type=\"section\">\n\t\t\t\t\t\t<div class=\"elementor-container elementor-column-gap-default\">\n\t\t\t\t\t<div class=\"elementor-column elementor-col-100 elementor-top-column elementor-element elementor-element-4344a5ea\" data-id=\"4344a5ea\" data-element_type=\"column\">\n\t\t\t<div class=\"elementor-widget-wrap elementor-element-populated\">\n\t\t\t\t\t\t\t\t<div class=\"elementor-element elementor-element-5d20a246 elementor-widget elementor-widget-text-editor\" data-id=\"5d20a246\" data-element_type=\"widget\" data-widget_type=\"text-editor.default\">\n\t\t\t\t<div class=\"elementor-widget-container\">\n\t\t\t<style>\/*! elementor - v3.17.0 - 01-11-2023 *\/\n.elementor-widget-text-editor.elementor-drop-cap-view-stacked .elementor-drop-cap{background-color:#69727d;color:#fff}.elementor-widget-text-editor.elementor-drop-cap-view-framed .elementor-drop-cap{color:#69727d;border:3px solid;background-color:transparent}.elementor-widget-text-editor:not(.elementor-drop-cap-view-default) .elementor-drop-cap{margin-top:8px}.elementor-widget-text-editor:not(.elementor-drop-cap-view-default) .elementor-drop-cap-letter{width:1em;height:1em}.elementor-widget-text-editor .elementor-drop-cap{float:left;text-align:center;line-height:1;font-size:50px}.elementor-widget-text-editor .elementor-drop-cap-letter{display:inline-block}<\/style>\t\t\t\t<p><!-- wp:heading --><\/p>\n<p><!-- \/wp:heading --><\/p>\n<p><!-- wp:list --><\/p>\n<ul>\n<li>Un objectif atteint sans d\u00e9rive de temps, sans d\u00e9rive de budget<\/li>\n<li>Un projet pilot\u00e9<\/li>\n<li>&#8230; mais une volont\u00e9 de faire \u00e9voluer le p\u00e9rim\u00e8tre en cours de route<\/li>\n<\/ul>\n<p><!-- \/wp:list --><\/p>\n<p><!-- wp:paragraph --><\/p>\n<p><!-- \/wp:paragraph --><\/p>\t\t\t\t\t\t<\/div>\n\t\t\t\t<\/div>\n\t\t\t\t<div class=\"elementor-element elementor-element-4a12638 elementor-widget elementor-widget-spacer\" data-id=\"4a12638\" data-element_type=\"widget\" data-widget_type=\"spacer.default\">\n\t\t\t\t<div class=\"elementor-widget-container\">\n\t\t\t<style>\/*! elementor - v3.17.0 - 01-11-2023 *\/\n.elementor-column .elementor-spacer-inner{height:var(--spacer-size)}.e-con{--container-widget-width:100%}.e-con-inner>.elementor-widget-spacer,.e-con>.elementor-widget-spacer{width:var(--container-widget-width,var(--spacer-size));--align-self:var(--container-widget-align-self,initial);--flex-shrink:0}.e-con-inner>.elementor-widget-spacer>.elementor-widget-container,.e-con>.elementor-widget-spacer>.elementor-widget-container{height:100%;width:100%}.e-con-inner>.elementor-widget-spacer>.elementor-widget-container>.elementor-spacer,.e-con>.elementor-widget-spacer>.elementor-widget-container>.elementor-spacer{height:100%}.e-con-inner>.elementor-widget-spacer>.elementor-widget-container>.elementor-spacer>.elementor-spacer-inner,.e-con>.elementor-widget-spacer>.elementor-widget-container>.elementor-spacer>.elementor-spacer-inner{height:var(--container-widget-height,var(--spacer-size))}.e-con-inner>.elementor-widget-spacer.elementor-widget-empty,.e-con>.elementor-widget-spacer.elementor-widget-empty{position:relative;min-height:22px;min-width:22px}.e-con-inner>.elementor-widget-spacer.elementor-widget-empty .elementor-widget-empty-icon,.e-con>.elementor-widget-spacer.elementor-widget-empty .elementor-widget-empty-icon{position:absolute;top:0;bottom:0;left:0;right:0;margin:auto;padding:0;width:22px;height:22px}<\/style>\t\t<div class=\"elementor-spacer\">\n\t\t\t<div class=\"elementor-spacer-inner\"><\/div>\n\t\t<\/div>\n\t\t\t\t<\/div>\n\t\t\t\t<\/div>\n\t\t\t\t\t<\/div>\n\t\t<\/div>\n\t\t\t\t\t\t\t<\/div>\n\t\t<\/section>\n\t\t\t\t<section class=\"elementor-section elementor-top-section elementor-element elementor-element-6e9bbd9 elementor-section-boxed elementor-section-height-default elementor-section-height-default\" data-id=\"6e9bbd9\" data-element_type=\"section\">\n\t\t\t\t\t\t<div class=\"elementor-container elementor-column-gap-default\">\n\t\t\t\t\t<div class=\"elementor-column elementor-col-50 elementor-top-column elementor-element elementor-element-332ea36\" data-id=\"332ea36\" data-element_type=\"column\">\n\t\t\t<div class=\"elementor-widget-wrap elementor-element-populated\">\n\t\t\t\t\t\t\t\t<div class=\"elementor-element elementor-element-281c1b0 elementor-widget elementor-widget-text-editor\" data-id=\"281c1b0\" data-element_type=\"widget\" data-widget_type=\"text-editor.default\">\n\t\t\t\t<div class=\"elementor-widget-container\">\n\t\t\t\t\t\t\t<h3 class=\"elementor-heading-title elementor-size-default elementor-inline-editing pen\" style=\"font-family: var( --e-global-typography-primary-font-family ), Sans-serif; font-weight: var( --e-global-typography-primary-font-weight );\" data-elementor-setting-key=\"title\" data-pen-placeholder=\"\u00c9crivez ici...\">\u00a0<\/h3>\n<h3 class=\"elementor-heading-title elementor-size-default elementor-inline-editing pen\" style=\"font-family: var( --e-global-typography-primary-font-family ), Sans-serif; font-weight: var( --e-global-typography-primary-font-weight );\" data-elementor-setting-key=\"title\" data-pen-placeholder=\"\u00c9crivez ici...\">Notre apport &#8230; un pilotage rigoureux<\/h3>\n<p>\u00a0<\/p>\n<ul>\n<li>Comme dans une recette de cuisine, les ingr\u00e9dients de la r\u00e9ussite sont-ils pr\u00e9sents ?\n<ul>\n<li>Un sponsor qui finance et suit son projet<\/li>\n<li>Un planning<\/li>\n<li>Des ressources<\/li>\n<li>Un budget<\/li>\n<li>Un p\u00e9rim\u00e8tre qui donne la solution<\/li>\n<\/ul>\n<\/li>\n<li>Une vigilance sur plusieurs axes\n<ul>\n<li>Un satisfaction client<\/li>\n<li>Un reporting hi\u00e9rarchique\u00a0<\/li>\n<li>Un management de l&#8217;\u00e9quipe<\/li>\n<li>Un pilotage de la sous-traitance<\/li>\n<\/ul>\n<\/li>\n<li>Une animation de comit\u00e9s\n<ul>\n<li>par l&#8217;organisation des s\u00e9ances<\/li>\n<li>par la pr\u00e9paration de supports dans la charte graphique<\/li>\n<li>par l&#8217;animation en s\u00e9ance<\/li>\n<li>par la r\u00e9daction d&#8217;un compte-rendu (pas de compte-rendu = pas de r\u00e9union, juste un salon de th\u00e9)<\/li>\n<\/ul>\n<\/li>\n<\/ul>\t\t\t\t\t\t<\/div>\n\t\t\t\t<\/div>\n\t\t\t\t\t<\/div>\n\t\t<\/div>\n\t\t\t\t<div class=\"elementor-column elementor-col-50 elementor-top-column elementor-element elementor-element-9ef8458\" data-id=\"9ef8458\" data-element_type=\"column\">\n\t\t\t<div class=\"elementor-widget-wrap elementor-element-populated\">\n\t\t\t\t\t\t\t\t<div class=\"elementor-element elementor-element-184f255 elementor-widget elementor-widget-text-editor\" data-id=\"184f255\" data-element_type=\"widget\" data-widget_type=\"text-editor.default\">\n\t\t\t\t<div class=\"elementor-widget-container\">\n\t\t\t\t\t\t\t<h3 style=\"font-family: var( --e-global-typography-primary-font-family ), Sans-serif; font-weight: var( --e-global-typography-primary-font-weight );\" data-elementor-setting-key=\"title\" data-pen-placeholder=\"\u00c9crivez ici...\">Notre apport &#8230; une conduite du changement rassurante<\/h3>\n<div>\u00a0<\/div>\n<ul>\n<li>Un accompagnement des utilisateurs finaux tout au long du projet<\/li>\n<li>Une communication adapt\u00e9e \u00e0 chaque phase projet<\/li>\n<li>Une \u00e9coute des besoins clients<\/li>\n<li>Une mod\u00e9lisation en processus et solution partag\u00e9e &#8230; une optimisation des gestes m\u00e9tiers en priorit\u00e9<\/li>\n<li>Une ing\u00e9nierie de la formation<\/li>\n<li>Une formation des formateurs et\/ou des utilisateurs finaux<\/li>\n<li>Un accompagnement au d\u00e9marrage<\/li>\n<\/ul>\t\t\t\t\t\t<\/div>\n\t\t\t\t<\/div>\n\t\t\t\t\t<\/div>\n\t\t<\/div>\n\t\t\t\t\t\t\t<\/div>\n\t\t<\/section>\n\t\t\t\t<section class=\"elementor-section elementor-top-section elementor-element elementor-element-e63ab03 elementor-section-boxed elementor-section-height-default elementor-section-height-default\" data-id=\"e63ab03\" data-element_type=\"section\">\n\t\t\t\t\t\t<div class=\"elementor-container elementor-column-gap-default\">\n\t\t\t\t\t<div class=\"elementor-column elementor-col-50 elementor-top-column elementor-element elementor-element-6f3b927\" data-id=\"6f3b927\" data-element_type=\"column\">\n\t\t\t<div class=\"elementor-widget-wrap elementor-element-populated\">\n\t\t\t\t\t\t\t\t<div class=\"elementor-element elementor-element-12ad459 elementor-widget elementor-widget-text-editor\" data-id=\"12ad459\" data-element_type=\"widget\" data-widget_type=\"text-editor.default\">\n\t\t\t\t<div class=\"elementor-widget-container\">\n\t\t\t\t\t\t\t<h3>Notre apport &#8230; une solution adapt\u00e9e<\/h3>\n<p>\u00a0<\/p>\n<ul>\n<li>Un p\u00e9rim\u00e8tre atteignable<\/li>\n<li>Une utilisation de la m\u00e9thode NIAM pour d\u00e9finir un mod\u00e8le de donn\u00e9es &#8230; en sortie d&#8217;atelier<\/li>\n<li>Une utilisation du Mind Mapping pour faire \u00e9merger le besoin<\/li>\n<li>Un d\u00e9coupage de la solution en lots accessibles\n<ul>\n<li>Une m\u00e9thode Agile<\/li>\n<li>Un cycle en V<\/li>\n<\/ul>\n<\/li>\n<\/ul>\t\t\t\t\t\t<\/div>\n\t\t\t\t<\/div>\n\t\t\t\t\t<\/div>\n\t\t<\/div>\n\t\t\t\t<div class=\"elementor-column elementor-col-50 elementor-top-column elementor-element elementor-element-b15f187\" data-id=\"b15f187\" data-element_type=\"column\">\n\t\t\t<div class=\"elementor-widget-wrap elementor-element-populated\">\n\t\t\t\t\t\t\t\t<div class=\"elementor-element elementor-element-714bffa elementor-widget elementor-widget-text-editor\" data-id=\"714bffa\" data-element_type=\"widget\" data-widget_type=\"text-editor.default\">\n\t\t\t\t<div class=\"elementor-widget-container\">\n\t\t\t\t\t\t\t<h3>Notre apport &#8230; des outils indispensables \u00e0 la r\u00e9ussite<\/h3>\n<p>\u00a0<\/p>\n<ul>\n<li>\n<blockquote>\n<p>Un bon ouvrier a de bons outils<\/p>\n<\/blockquote>\n<\/li>\n<li>Une utilisation de la charte graphique de l&#8217;entreprise cliente, voire celle du projet dans tous les livrables<\/li>\n<li>Une utilisation de la m\u00e9thode du client pour formater ces livrables<\/li>\n<li><span style=\"color: var( --e-global-color-text ); font-family: var( --e-global-typography-text-font-family ), Sans-serif; font-weight: var( --e-global-typography-text-font-weight ); letter-spacing: 0px;\">Une saisie unique dans un outil avec transfert des informations pour retraitement dans un autre outil<\/span>\n<ul>\n<li>A chaque outil sa fonction<\/li>\n<li>Une gestion de projet qui passe par easyredmine &#8230; une industrialisation du suivi du projet<\/li>\n<li>Un reporting dans les outils du client<\/li>\n<\/ul>\n<\/li>\n<\/ul>\t\t\t\t\t\t<\/div>\n\t\t\t\t<\/div>\n\t\t\t\t\t<\/div>\n\t\t<\/div>\n\t\t\t\t\t\t\t<\/div>\n\t\t<\/section>\n\t\t\t\t<section class=\"elementor-section elementor-top-section elementor-element elementor-element-a43a7bd elementor-section-boxed elementor-section-height-default elementor-section-height-default\" data-id=\"a43a7bd\" data-element_type=\"section\">\n\t\t\t\t\t\t<div class=\"elementor-container elementor-column-gap-default\">\n\t\t\t\t\t<div class=\"elementor-column elementor-col-100 elementor-top-column elementor-element elementor-element-34c6dfa\" data-id=\"34c6dfa\" data-element_type=\"column\">\n\t\t\t<div class=\"elementor-widget-wrap elementor-element-populated\">\n\t\t\t\t\t\t\t\t<div class=\"elementor-element elementor-element-be128e5 elementor-widget elementor-widget-spacer\" data-id=\"be128e5\" data-element_type=\"widget\" data-widget_type=\"spacer.default\">\n\t\t\t\t<div class=\"elementor-widget-container\">\n\t\t\t\t\t<div class=\"elementor-spacer\">\n\t\t\t<div class=\"elementor-spacer-inner\"><\/div>\n\t\t<\/div>\n\t\t\t\t<\/div>\n\t\t\t\t<\/div>\n\t\t\t\t\t<\/div>\n\t\t<\/div>\n\t\t\t\t\t\t\t<\/div>\n\t\t<\/section>\n\t\t\t\t<section class=\"elementor-section elementor-top-section elementor-element elementor-element-ccf5e81 elementor-section-boxed elementor-section-height-default elementor-section-height-default\" data-id=\"ccf5e81\" data-element_type=\"section\">\n\t\t\t\t\t\t<div class=\"elementor-container elementor-column-gap-default\">\n\t\t\t\t\t<div class=\"elementor-column elementor-col-100 elementor-top-column elementor-element elementor-element-8d9be39\" data-id=\"8d9be39\" data-element_type=\"column\">\n\t\t\t<div class=\"elementor-widget-wrap elementor-element-populated\">\n\t\t\t\t\t\t\t\t<div class=\"elementor-element elementor-element-5cfe8c3 elementor-widget elementor-widget-text-editor\" data-id=\"5cfe8c3\" data-element_type=\"widget\" data-widget_type=\"text-editor.default\">\n\t\t\t\t<div class=\"elementor-widget-container\">\n\t\t\t\t\t\t\t<h3>Nos prestations<\/h3>\n<p>\u00a0<\/p>\n<ul>\n<li>Analyse des besoins<\/li>\n<li>Elaboration des processus et r\u00e9partition des t\u00e2ches entre les utilisateurs, services, fournisseurs \u2026<\/li>\n<li>Elaboration d\u2019une solution int\u00e9gr\u00e9e dans l\u2019environnement client<\/li>\n<li>Param\u00e9trage d\u2019easyredmine<\/li>\n<li>Etude et r\u00e9alisation des interfaces avec le Syst\u00e8me d\u2019Information du client (notamment avec Talend)<\/li>\n<li>Pr\u00e9sentation de la solution aux utilisateurs et accompagnement aux changements<\/li>\n<li>R\u00e9ception de la solution avec des utilisateurs identifi\u00e9s comme r\u00e9f\u00e9rent<\/li>\n<li>Formation des utilisateurs suivant les processus et proc\u00e9dures<\/li>\n<li>Accompagnement au d\u00e9marrage<\/li>\n<li>Une proposition de maintenance pour r\u00e9pondre aux \u00e9volutions du m\u00e9tier du client<\/li>\n<li>Assistance \u00e0 plusieurs niveaux avec l\u2019Editeur<\/li>\n<li>Support sur les questions m\u00e9tiers<\/li>\n<li>Correction du param\u00e9trage<\/li>\n<li>Suivi de l\u2019escalade chez l\u2019Editeur<\/li>\n<\/ul>\t\t\t\t\t\t<\/div>\n\t\t\t\t<\/div>\n\t\t\t\t\t<\/div>\n\t\t<\/div>\n\t\t\t\t\t\t\t<\/div>\n\t\t<\/section>\n\t\t\t\t<section class=\"elementor-section elementor-top-section elementor-element elementor-element-1870c86 elementor-section-boxed elementor-section-height-default elementor-section-height-default\" data-id=\"1870c86\" data-element_type=\"section\">\n\t\t\t\t\t\t<div class=\"elementor-container elementor-column-gap-default\">\n\t\t\t\t\t<div class=\"elementor-column elementor-col-100 elementor-top-column elementor-element elementor-element-53bb26e\" data-id=\"53bb26e\" data-element_type=\"column\">\n\t\t\t<div class=\"elementor-widget-wrap elementor-element-populated\">\n\t\t\t\t\t\t\t\t<div class=\"elementor-element elementor-element-4ed3306 elementor-widget elementor-widget-spacer\" data-id=\"4ed3306\" data-element_type=\"widget\" data-widget_type=\"spacer.default\">\n\t\t\t\t<div class=\"elementor-widget-container\">\n\t\t\t\t\t<div class=\"elementor-spacer\">\n\t\t\t<div class=\"elementor-spacer-inner\"><\/div>\n\t\t<\/div>\n\t\t\t\t<\/div>\n\t\t\t\t<\/div>\n\t\t\t\t\t<\/div>\n\t\t<\/div>\n\t\t\t\t\t\t\t<\/div>\n\t\t<\/section>\n\t\t\t\t<section class=\"elementor-section elementor-top-section elementor-element elementor-element-0acd908 elementor-section-boxed elementor-section-height-default elementor-section-height-default\" data-id=\"0acd908\" data-element_type=\"section\">\n\t\t\t\t\t\t<div class=\"elementor-container elementor-column-gap-default\">\n\t\t\t\t\t<div class=\"elementor-column elementor-col-100 elementor-top-column elementor-element elementor-element-7f027c4\" data-id=\"7f027c4\" data-element_type=\"column\">\n\t\t\t<div class=\"elementor-widget-wrap elementor-element-populated\">\n\t\t\t\t\t\t\t\t<div class=\"elementor-element elementor-element-c7a6e96 elementor-widget elementor-widget-image\" data-id=\"c7a6e96\" data-element_type=\"widget\" data-widget_type=\"image.default\">\n\t\t\t\t<div class=\"elementor-widget-container\">\n\t\t\t<style>\/*! elementor - v3.17.0 - 01-11-2023 *\/\n.elementor-widget-image{text-align:center}.elementor-widget-image a{display:inline-block}.elementor-widget-image a img[src$=\".svg\"]{width:48px}.elementor-widget-image img{vertical-align:middle;display:inline-block}<\/style>\t\t\t\t\t\t\t\t\t\t\t\t<img decoding=\"async\" loading=\"lazy\" width=\"1024\" height=\"556\" src=\"https:\/\/eficum.fr\/wp-content\/uploads\/2021\/11\/Planning_Projet-1024x556.jpg\" class=\"attachment-large size-large wp-image-150\" alt=\"\" srcset=\"https:\/\/eficum.fr\/wp-content\/uploads\/2021\/11\/Planning_Projet-1024x556.jpg 1024w, https:\/\/eficum.fr\/wp-content\/uploads\/2021\/11\/Planning_Projet-300x163.jpg 300w, https:\/\/eficum.fr\/wp-content\/uploads\/2021\/11\/Planning_Projet-768x417.jpg 768w, https:\/\/eficum.fr\/wp-content\/uploads\/2021\/11\/Planning_Projet.jpg 1098w\" sizes=\"(max-width: 1024px) 100vw, 1024px\" \/>\t\t\t\t\t\t\t\t\t\t\t\t\t\t\t<\/div>\n\t\t\t\t<\/div>\n\t\t\t\t\t<\/div>\n\t\t<\/div>\n\t\t\t\t\t\t\t<\/div>\n\t\t<\/section>\n\t\t\t\t\t\t\t<\/div>\n\t\t","protected":false},"excerpt":{"rendered":"<p>Vos attentes Un objectif atteint sans d\u00e9rive de temps, sans d\u00e9rive de budget Un projet pilot\u00e9 &#8230; mais une volont\u00e9 de faire \u00e9voluer le p\u00e9rim\u00e8tre en cours de route \u00a0 Notre apport &#8230; un pilotage rigoureux \u00a0 Comme dans une recette de cuisine, les ingr\u00e9dients de la r\u00e9ussite sont-ils pr\u00e9sents ? Un sponsor qui finance&hellip;<\/p>\n","protected":false},"author":1,"featured_media":0,"parent":0,"menu_order":0,"comment_status":"closed","ping_status":"closed","template":"","meta":{"footnotes":""},"_links":{"self":[{"href":"https:\/\/eficum.fr\/index.php\/wp-json\/wp\/v2\/pages\/109"}],"collection":[{"href":"https:\/\/eficum.fr\/index.php\/wp-json\/wp\/v2\/pages"}],"about":[{"href":"https:\/\/eficum.fr\/index.php\/wp-json\/wp\/v2\/types\/page"}],"author":[{"embeddable":true,"href":"https:\/\/eficum.fr\/index.php\/wp-json\/wp\/v2\/users\/1"}],"replies":[{"embeddable":true,"href":"https:\/\/eficum.fr\/index.php\/wp-json\/wp\/v2\/comments?post=109"}],"version-history":[{"count":59,"href":"https:\/\/eficum.fr\/index.php\/wp-json\/wp\/v2\/pages\/109\/revisions"}],"predecessor-version":[{"id":354,"href":"https:\/\/eficum.fr\/index.php\/wp-json\/wp\/v2\/pages\/109\/revisions\/354"}],"wp:attachment":[{"href":"https:\/\/eficum.fr\/index.php\/wp-json\/wp\/v2\/media?parent=109"}],"curies":[{"name":"wp","href":"https:\/\/api.w.org\/{rel}","templated":true}]}}